ainder when 44 is divided by 26.
18
Calculate the remainder when 3532 is divided by 19.
17
Calculate the remainder when 796 is divided by 7.
5
What is the remainder when 97 is divided by 7?
6
Calculate the remainder when 579 is divided by 169.
72
Calculate the remainder when 385 is divided by 132.
121
Calculate the remainder when 1106 is divided by 343.
77
What is the remainder when 423 is divided by 17?
15
Calculate the remainder when 7434 is divided by 169.
167
What is the remainder when 647 is divided by 72?
71
What is the remainder when 133 is divided by 111?
22
Calculate the remainder when 104 is divided by 43.
18
What is the remainder when 71 is divided by 6?
5
Calculate the remainder when 103 is divided by 35.
33
What is the remainder when 2317 is divided by 230?
17
What is the remainder when 32 is divided by 20?
12
What is the remainder when 159 is divided by 34?
23
Calculate the remainder when 369 is divided by 162.
45
What is the remainder when 574 is divided by 64?
62
Calculate the remainder when 55 is divided by 37.
18
What is the remainder when 2033 is divided by 23?
9
Calculate the remainder when 334 is divided by 16.
14
Calculate the remainder when 629 is divided by 58.
49
Calculate the remainder when 80 is divided by 59.
21
What is the remainder when 736 is divided by 79?
25
Calculate the remainder when 407 is divided by 139.
129
Calculate the remainder when 3155 is divided by 132.
119
What is the remainder when 205 is divided by 43?
33
Calculate the remainder when 632 is divided by 177.
101
Calculate the remainder when 5455 is divided by 103.
99
What is the remainder when 366 is divided by 187?
179
Calculate the remainder when 852 is divided by 155.
77
What is the remainder when 215 is divided by 10?
5
Calculate the remainder when 2447 is divided by 154.
137
What is the remainder when 10495 is divided by 128?
127
Calculate the remainder when 313 is divided by 172.
141
What is the remainder when 3301 is divided by 118?
115
Calculate the remainder when 245 is divided by 240.
5
Calculate the remainder when 230 is divided by 14.
6
What is the remainder when 241 is divided by 76?
13
What is the remainder when 238 is divided by 60?
58
What is the remainder when 158 is divided by 97?
61
Calculate the remainder when 214 is divided by 52.
6
What is the remainder when 665 is divided by 61?
55
What is the remainder when 34740 is divided by 29?
27
Calculate the remainder when 289 is divided by 23.
13
What is the remainder when 59 is divided by 18?
5
What is the remainder when 195 is divided by 33?
30
What is the remainder when 3428 is divided by 6?
2
What is the remainder when 160 is divided by 27?
25
Calculate the remainder when 439 is divided by 91.
75
Calculate the remainder when 403 is divided by 75.
28
What is the remainder when 8874 is divided by 11?
8
What is the remainder when 381 is divided by 118?
27
What is the remainder when 288 is divided by 100?
88
Calculate the remainder when 917 is divided by 903.
14
What is the remainder when 423 is divided by 71?
68
What is the remainder when 349 is divided by 107?
28
What is the remainder when 1022 is divided by 33?
32
What is the remainder when 290 is divided by 59?
54
Calculate the remainder when 189 is divided by 85.
19
Calculate the remainder when 1160 is divided by 105.
5
What is the remainder when 1708 is divided by 555?
43
What is the remainder when 1269 is divided by 104?
21
Calculate the remainder when 34 is divided by 19.
15
What is the remainder when 292 is divided by 24?
4
What is the remainder when 156 is divided by 85?
71
Calculate the remainder when 37 is divided by 26.
11
What is the remainder when 170 is divided by 42?
2
Calculate the remainder when 837 is divided by 143.
122
What is the remainder when 254 is divided by 45?
29
What is the remainder when 292 is divided by 2?
0
Calculate the remainder when 230 is divided by 114.
2
Calculate the remainder when 137 is divided by 6.
5
Calculate the remainder when 270 is divided by 88.
6
Calculate the remainder when 518 is divided by 8.
6
Calculate the remainder when 2070 is divided by 17.
13
What is the remainder when 1141 is divided by 191?
186
What is the remainder when 121 is divided by 52?
17
Calculate the remainder when 107 is divided by 9.
8
What is the remainder when 976 is divided by 98?
94
Calculate the remainder when 358 is divided by 18.
16
What is the remainder when 1642 is divided by 59?
49
What is the remainder when 56 is divided by 25?
6
Calculate the remainder when 85 is divided by 29.
27
Calculate the remainder when 4502 is divided by 46.
40
Calculate the remainder when 78 is divided by 31.
16
Calculate the remainder when 383 is divided by 35.
33
What is the remainder when 411 is divided by 124?
39
What is the remainder when 3003 is divided by 18?
15
What is the remainder when 105 is divided by 28?
21
What is the remainder when 14134 is divided by 38?
36
Calculate the remainder when 558 is divided by 13.
12
Calculate the remainder when 166 is divided by 47.
25
Calculate the remainder when 320 is divided by 96.
32
Calculate the remainder when 1706 is divided by 18.
14
What is the remainder when 191 is divided by 64?
63
Calculate the remainder when 83 is divided by 47.
36
What is the remainder when 97 is divided by 46?
5
Calculate the remainder when 136 is divided by 119.
17
Calculate the remainder when 166 is divided by 12.
10
What is the remainder when 2023 is divided by 40?
23
What is the remainder when 877 is divided by 44?
41
What is the remainder when 35 is divided by 13?
9
What is the remainder when 182 is divided by 20?
2
What is the remainder when 27 is divided by 6?
3
Calculate the remainder when 136 is divided by 37.
25
What is the remainder when 76 is divided by 34?
8
What is the remainder when 582 is divided by 45?
42
What is the remainder when 538 is divided by 91?
83
Calculate the remainder when 2972 is divided by 987.
11
What is the remainder when 201 is divided by 51?
48
What is the remainder when 7357 is divided by 230?
227
Calculate the remainder when 7487 is divided by 14.
11
Calculate the remainder when 408 is divided by 15.
3
What is the remainder when 502 is divided by 19?
8
Calculate the remainder when 3040 is divided by 608.
0
Calculate the remainder when 4132 is divided by 5.
2
Calculate the remainder when 267 is divided by 15.
12
Calculate the remainder when 133 is divided by 68.
65
What is the remainder when 1262 is divided by 140?
2
What is the remainder when 446 is divided by 16?
14
Calculate the remainder when 41 is divided by 11.
8
Calculate the remainder when 415 is divided by 145.
125
Calculate the remainder when 156 is divided by 16.
12
Calculate the remainder when 181 is divided by 63.
55
What is the remainder when 558 is divided by 51?
48
What is the remainder when 870 is divided by 55?
45
What is the remainder when 7109 is divided by 13?
11
Calculate the remainder when 258 is divided by 151.
107
Calculate the remainder when 147 is divided by 5.
2
What is the remainder when 100 is divided by 18?
10
What is the remainder when 14886 is divided by 23?
5
Calculate the remainder when 15 is divided by 13.
2
What is the remainder when 47747 is divided by 92?
91
Calculate the remainder when 376 is divided by 134.
108
Calculate the remainder when 140 is divided by 90.
50
What is the remainder when 1386 is divided by 1360?
26
What is the remainder when 193 is divided by 73?
47
What is the remainder when 180 is divided by 32?
20
Calculate the remainder when 46 is divided by 24.
22
What is the remainder when 1340 is divided by 56?
52
Calculate the remainder when 506 is divided by 33.
11
What is the remainder when 262 is divided by 88?
86
Calculate the remainder when 7151 is divided by 76.
7
What is the remainder when 355 is divided by 135?
85
What is the remainder when 1883 is divided by 32?
27
Calculate the remainder when 14504 is divided by 9.
5
What is the remainder when 332 is divided by 23?
10
What is the remainder when 123 is divided by 64?
59
What is the remainder when 1347 is divided by 90?
87
What is the remainder when 15654 is divided by 38?
36
What is the remainder when 189 is divided by 92?
5
What is the remainder when 223 is divided by 27?
7
Calculate the remainder wh